{"id":2263,"date":"2026-05-02T18:57:47","date_gmt":"2026-05-02T18:57:47","guid":{"rendered":"https:\/\/bibliothekrehetobel.ch\/wordpress\/?page_id=2263"},"modified":"2026-05-02T19:00:30","modified_gmt":"2026-05-02T19:00:30","slug":"maerz-2026-familiensache","status":"publish","type":"page","link":"https:\/\/bibliothekrehetobel.ch\/wordpress\/?page_id=2263","title":{"rendered":"M\u00e4rz 2026 &#8222;Familiensache&#8220;"},"content":{"rendered":"<p><img class=\"details-image\" draggable=\"false\" src=\"http:\/\/bibliothekrehetobel.ch\/wordpress\/wp-content\/uploads\/2026\/05\/familiensache-gebundene-ausgabe-claire-lynch.jpeg\" alt=\"\" \/><\/p>\n<div>\n<p class=\"p1\">Manche B\u00fccher sind leise und treffen gerade deshalb mitten ins Herz.<\/p>\n<\/div>\n<div>\n<p class=\"p1\">FAMILIENSACHE ist genau so ein Roman.<\/p>\n<\/div>\n<div>\n<p class=\"p1\">Claire Lynch erz\u00e4hlt eine bewegende Geschichte \u00fcberLiebe, gesellschaftliche Zw\u00e4nge und die Frage, was Familie wirklich bedeutet.<\/p>\n<\/div>\n<div>\n<p class=\"p1\">Der Roman spielt auf zwei Zeitebenen:<\/p>\n<\/div>\n<div>\n<p class=\"p1\">Anfang der 1980er-Jahre lebt die 23-j\u00e4hrige Dawn in England ein Leben, das den Erwartungen ihrer Zeit entspricht. Sie ist verheiratet, Mutter einer kleinen Tochter, alles scheint geordnet und \u00abrichtig\u00bb. Doch als sie Hazel begegnet, ger\u00e4t ihre Welt ins Wanken. Pl\u00f6tzlich er\u00f6ffnet sich ihr eine andere M\u00f6glichkeit von Liebe und ein anderes Verst\u00e4ndnis von Familie. In einer Gesellschaft, die gleichgeschlechtliche Beziehungen verurteilt und zwei Frauen mit Kind als Bedrohung sieht, wird diese Liebe jedoch zum Risiko.<\/p>\n<\/div>\n<div>\n<p class=\"p1\">Jahrzehnte sp\u00e4ter steht Dawns Tochter Maggie als Erwachsene vor den R\u00e4tseln ihrer Familiengeschichte. Als ihr Vater Heron schwer erkrankt, tauchen Fragen auf, die lange im Verborgenen lagen. Zwischen Erinnerungen, Dokumenten und unausgesprochenen Wahrheiten beginnt Maggie zu begreifen, dass ihr Leben auf Entscheidungen beruht, die sie selbst nie treffen konnte.<\/p>\n<\/div>\n<div>\n<p class=\"p1\">Claire Lynch verbindet beide Zeitebenen ruhig und poetisch. Ohne dramatische Zuspitzungen, aber mit grosser emotionaler Tiefe zeichnet sie das Bild einer Familie, in der niemand \u00abder B\u00f6se\u00bb ist. Alle handeln aus Liebe, aus Angst oder aus dem Wunsch nach Zugeh\u00f6rigkeit, und doch haben ihre Entscheidungen weitreichende Folgen.<\/p>\n<\/div>\n<div>\n<p class=\"p1\">FAMILIENSACHE ist ein leiser, eindringlicher Roman \u00fcber Verlust, Schuld und Mut. Ein Buch, das nachhallt und daran erinnert, wie stark gesellschaftliche Normen das private Gl\u00fcck beeinflussen k\u00f6nnen und wie zerbrechlich das Recht ist, sich selbst zu sein.<\/p>\n<\/div>\n<div>\n<p class=\"p1\">Susanne Nissille<\/p>\n<\/div>\n","protected":false},"excerpt":{"rendered":"<p>Manche B\u00fccher sind leise und treffen gerade deshalb mitten ins Herz. FAMILIENSACHE ist genau so ein Roman. Claire Lynch erz\u00e4hlt eine bewegende Geschichte \u00fcberLiebe, gesellschaftliche Zw\u00e4nge und die Frage, was Familie wirklich bedeutet. Der Roman spielt auf zwei Zeitebenen: Anfang der 1980er-Jahre lebt die 23-j\u00e4hrige Dawn in England ein Leben, das den Erwartungen ihrer Zeit &hellip; <a href=\"https:\/\/bibliothekrehetobel.ch\/wordpress\/?page_id=2263\" class=\"more-link\"><span class=\"screen-reader-text\">M\u00e4rz 2026 &#8222;Familiensache&#8220;<\/span> weiterlesen <span class=\"meta-nav\">&rarr;<\/span><\/a><\/p>\n","protected":false},"author":1,"featured_media":0,"parent":1357,"menu_order":0,"comment_status":"closed","ping_status":"closed","template":"","meta":[],"_links":{"self":[{"href":"https:\/\/bibliothekrehetobel.ch\/wordpress\/index.php?rest_route=\/wp\/v2\/pages\/2263"}],"collection":[{"href":"https:\/\/bibliothekrehetobel.ch\/wordpress\/index.php?rest_route=\/wp\/v2\/pages"}],"about":[{"href":"https:\/\/bibliothekrehetobel.ch\/wordpress\/index.php?rest_route=\/wp\/v2\/types\/page"}],"author":[{"embeddable":true,"href":"https:\/\/bibliothekrehetobel.ch\/wordpress\/index.php?rest_route=\/wp\/v2\/users\/1"}],"replies":[{"embeddable":true,"href":"https:\/\/bibliothekrehetobel.ch\/wordpress\/index.php?rest_route=%2Fwp%2Fv2%2Fcomments&post=2263"}],"version-history":[{"count":3,"href":"https:\/\/bibliothekrehetobel.ch\/wordpress\/index.php?rest_route=\/wp\/v2\/pages\/2263\/revisions"}],"predecessor-version":[{"id":2266,"href":"https:\/\/bibliothekrehetobel.ch\/wordpress\/index.php?rest_route=\/wp\/v2\/pages\/2263\/revisions\/2266"}],"up":[{"embeddable":true,"href":"https:\/\/bibliothekrehetobel.ch\/wordpress\/index.php?rest_route=\/wp\/v2\/pages\/1357"}],"wp:attachment":[{"href":"https:\/\/bibliothekrehetobel.ch\/wordpress\/index.php?rest_route=%2Fwp%2Fv2%2Fmedia&parent=2263"}],"curies":[{"name":"wp","href":"https:\/\/api.w.org\/{rel}","templated":true}]}}

März 2026 &#8222;Familiensache&#8220;

<p><img class="details-image" draggable="false" src="http://bibliothekrehetobel.ch/wordpress/wp-content/uploads/2026/05/familiensache-gebundene-ausgabe-claire-lynch.jpeg" alt="" /></p>
<div>
<p class="p1">Manche Bücher sind leise und treffen gerade deshalb mitten ins Herz.</p>
</div>
<div>
<p class="p1">FAMILIENSACHE ist genau so ein Roman.</p>
</div>
<div>
<p class="p1">Claire Lynch erzählt eine bewegende Geschichte überLiebe, gesellschaftliche Zwänge und die Frage, was Familie wirklich bedeutet.</p>
</div>
<div>
<p class="p1">Der Roman spielt auf zwei Zeitebenen:</p>
</div>
<div>
<p class="p1">Anfang der 1980er-Jahre lebt die 23-jährige Dawn in England ein Leben, das den Erwartungen ihrer Zeit entspricht. Sie ist verheiratet, Mutter einer kleinen Tochter, alles scheint geordnet und «richtig». Doch als sie Hazel begegnet, gerät ihre Welt ins Wanken. Plötzlich eröffnet sich ihr eine andere Möglichkeit von Liebe und ein anderes Verständnis von Familie. In einer Gesellschaft, die gleichgeschlechtliche Beziehungen verurteilt und zwei Frauen mit Kind als Bedrohung sieht, wird diese Liebe jedoch zum Risiko.</p>
</div>
<div>
<p class="p1">Jahrzehnte später steht Dawns Tochter Maggie als Erwachsene vor den Rätseln ihrer Familiengeschichte. Als ihr Vater Heron schwer erkrankt, tauchen Fragen auf, die lange im Verborgenen lagen. Zwischen Erinnerungen, Dokumenten und unausgesprochenen Wahrheiten beginnt Maggie zu begreifen, dass ihr Leben auf Entscheidungen beruht, die sie selbst nie treffen konnte.</p>
</div>
<div>
<p class="p1">Claire Lynch verbindet beide Zeitebenen ruhig und poetisch. Ohne dramatische Zuspitzungen, aber mit grosser emotionaler Tiefe zeichnet sie das Bild einer Familie, in der niemand «der Böse» ist. Alle handeln aus Liebe, aus Angst oder aus dem Wunsch nach Zugehörigkeit, und doch haben ihre Entscheidungen weitreichende Folgen.</p>
</div>
<div>
<p class="p1">FAMILIENSACHE ist ein leiser, eindringlicher Roman über Verlust, Schuld und Mut. Ein Buch, das nachhallt und daran erinnert, wie stark gesellschaftliche Normen das private Glück beeinflussen können und wie zerbrechlich das Recht ist, sich selbst zu sein.</p>
</div>
<div>
<p class="p1">Susanne Nissille</p>
</div>

<p>Manche Bücher sind leise und treffen gerade deshalb mitten ins Herz. FAMILIENSACHE ist genau so ein Roman. Claire Lynch erzählt eine bewegende Geschichte überLiebe, gesellschaftliche Zwänge und die Frage, was Familie wirklich bedeutet. Der Roman spielt auf zwei Zeitebenen: Anfang der 1980er-Jahre lebt die 23-jährige Dawn in England ein Leben, das den Erwartungen ihrer Zeit &hellip; <a href="https://bibliothekrehetobel.ch/wordpress/?page_id=2263" class="more-link"><span class="screen-reader-text">März 2026 &#8222;Familiensache&#8220;</span> weiterlesen <span class="meta-nav">&rarr;</span></a></p>
